lse
Is 19373 a composite number?
False
Is 708401 composite?
True
Is 648631 composite?
False
Is 5381 prime?
True
Is 192099 a composite number?
True
Is 308755 prime?
False
Is 426601 a prime number?
False
Is 135797 composite?
True
Is 3313 composite?
False
Is 128087 prime?
False
Is 235811 prime?
True
Is 2531 prime?
True
Is 1151663 a composite number?
True
Is 263723 a composite number?
False
Is 43546 a composite number?
True
Is 4535 a prime number?
False
Is 84899 a prime number?
False
Is 37747 a prime number?
True
Is 100442 composite?
True
Is 21409 prime?
False
Is 30803 prime?
True
Is 26318 prime?
False
Is 215681 a composite number?
False
Is 18947 prime?
True
Is 29653 composite?
True
Is 122777 a prime number?
True
Is 22465 a prime number?
False
Is 184703 a prime number?
True
Is 47461 a composite number?
True
Is 21349 a composite number?
True
Is 24729 a composite number?
True
Is 9311 a composite number?
False
Is 28901 prime?
True
Is 53957 composite?
True
Is 19466 composite?
True
Is 669 prime?
False
Is 67247 a prime number?
True
Is 4729 composite?
False
Is 2999 a prime number?
True
Is 2129 a prime number?
True
Is 15082 a composite number?
True
Is 359929 a prime number?
True
Is 2493221 prime?
True
Is 10301 a composite number?
False
Is 31367 prime?
False
Is 26237 a prime number?
True
Is 28066 composite?
True
Is 746 prime?
False
Is 2122 prime?
False
Is 57003 prime?
False
Is 202859 prime?
True
Is 174001 composite?
True
Is 1657 a prime number?
True
Is 27847 a composite number?
False
Is 13261 a composite number?
True
Is 16153 a composite number?
True
Is 11821 prime?
True
Is 15937 a prime number?
True
Is 6803 a prime number?
True
Is 11153 a prime number?
False
Is 687 prime?
False
Is 43879 prime?
False
Is 163543 a composite number?
False
Is 43889 prime?
True
Is 158902 composite?
True
Is 32117 composite?
False
Is 52489 composite?
False
Is 362801 a composite number?
False
Is 109633 composite?
True
Is 953 a prime number?
True
Is 12854 a composite number?
True
Is 141745 prime?
False
Is 26735 a composite number?
True
Is 118501 composite?
True
Is 75611 a composite number?
False
Is 46045 a composite number?
True
Is 201023 composite?
True
Is 2839 prime?
False
Is 342331 composite?
True
Is 27361 a composite number?
False
Is 5965 a prime number?
False
Is 41369 composite?
True
Is 49757 composite?
False
Is 20101 composite?
False
Is 1216213 prime?
True
Is 4481 prime?
True
Is 2081 a composite number?
False
Is 50861 a prime number?
False
Is 19121 a prime number?
True
Is 13346 a prime number?
False
Is 1921 a prime number?
False
Is 2056627 composite?
False
Is 210833 a prime number?
False
Is 5497 a prime number?
False
Is 25391 composite?
False
Is 11351 prime?
True
Is 562161 composite?
True
Is 29039 a prime number?
False
Is 1270489 a prime number?
False
Is 1757221 a prime number?
True
Is 8063 composite?
True
Is 520861 a composite number?
True
Is 180959 prime?
True
Is 29261 a prime number?
False
Is 446414 a composite number?
True
Is 1098209 a composite number?
True
Is 6347 a prime number?
False
Is 1713333 a prime number?
False
Is 2743 prime?
False
Is 12047 prime?
False
Is 2459 prime?
True
Is 55 prime?
False
Is 128651 prime?
False
Is 497411 prime?
True
Is 12667 a composite number?
True
Is 34 composite?
True
Is 166457 prime?
True
Is 14131 a prime number?
False
Is 34633 composite?
True
Is 1208287 prime?
False
Is 72665 prime?
False
Is 8842 a prime number?
False
Is 12283 a prime number?
False
Is 809173 composite?
False
Is 29407 prime?
False
Is 23473 prime?
True
Is 15101 a prime number?
True
Is 151631 composite?
False
Is 57569 prime?
False
Is 335381 composite?
False
Is 141397 a prime number?
True
Is 486091 a prime number?
True
Is 2837 composite?
False
Is 909607 a composite number?
True
Is 1513361 prime?
True
Is 1511999 a composite number?
False
Is 14263 a composite number?
True
Is 9781 a prime number?
True
Is 358417 a composite number?
False
Is 11855 a prime number?
False
Is 50671 a composite number?
False
Is 51743 prime?
False
Is 1751 composite?
True
Is 103159 a composite number?
True
Is 3056327 prime?
True
Is 75817 a composite number?
True
Is 8267 prime?
False
Is 283447 composite?
False
Is 11783 a prime number?
True
Is 41359 composite?
True
Is 44483 prime?
True
Is 3017 a prime number?
False
Is 54373 a prime number?
False
Is 1381 a composite number?
False
Is 8609 composite?
False
Is 50983 a composite number?
True
Is 1674455 composite?
True
Is 4373 a prime number?
True
Is 74179 a prime number?
False
Is 54401 a composite number?
False
Is 112367 composite?
True
Is 437603 a composite number?
True
Is 3506039 a composite number?
False
Is 573769 prime?
False
Is 330535 composite?
True
Is 25601 a composite number?
False
Is 314099 a composite number?
True
Is 29917 composite?
False
Is 1162613 a prime number?
False
Is 18527 a composite number?
True
Is 1901 prime?
True
Is 8563 a prime number?
True
Is 8963 composite?
False
Is 7541 a composite number?
False
Is 10079 prime?
True
Is 48131 a prime number?
True
Is 382133 a composite number?
True
Is 26857 composite?
True
Is 28759 a composite number?
False
Is 1698257 a prime number?
False
Is 4629 a composite number?
True
Is 815773 prime?
False
Is 18407 a composite number?
True
Is 234363 a prime number?
False
Is 9029 composite?
False
Is 910339 a composite number?
True
Is 253741 prime?
True
Is 14303 prime?
True
Is 36433 a composite number?
False
Is 70501 a composite number?
False
Is 23399 prime?
True
Is 182863 prime?
False
Is 9797 composite?
True
Is 80943 prime?
False
Is 4751 a prime number?
True
Is 35983 composite?
False
Is 23909 a composite number?
False
Is 471241 a prime number?
True
Is 2921 a composite number?
True
Is 6463 composite?
True
Is 27635 composite?
True
Is 87985 composite?
True
Is 13907 a prime number?
True
Is 448561 a prime number?
True
Is 1041 prime?
False
Is 163 prime?
True
Is 300137 composite?
False
Is 333331 a composite number?
False
Is 92431 prime?
True
Is 20459 prime?
False
Is 117155 a prime number?
False
Is 23149 composite?
True
Is 15299 prime?
True
Is 1740581 a composite number?
False
Is 875989 prime?
False
Is 249367 composite?
False
Is 10665433 a composite number?
False
Is 44017 prime?
True
Is 46387 a composite number?
True
Is 183071 prime?
False
Is 46313 a prime number?
False
Is 15427 a prime number?
True
Is 592318 composite?
True
Is 41443 composite?
False
Is 31765 a composite number?
True
Is 45667 composite?
False
Is 1358867 a prime number?
False
Is 62053 a prime number?
True
Is 2605 prime?
False
Is 1133 a prime number?
False
Is 118361 a composite number?
False
Is 682063 a composite number?
False
Is 15689 a composite number?
True
Is 1236161 prime?
True
Is 136393 a composite number?
False
Is 8501 composite?
False
Is 12457 a composite number?
False
Is 57557 a prime number?
True
Is 3206253 composite?
True
Is 203413 composite?
True
Is 15893 a prime number?
False
Is 30293 composite?
False
Is 136103 prime?
False
Is 371623 a prime number?
False
Is 1541 a prime number?
False
Is 4111 composite?
False
Is 476831 a prime number?
True
Is 16921 a composite number?
False
Is 10882 composite?
True
Is 1629733 composite?
True
Is 3862 composite?
True
Is 1841 composite?
True
Is 13751 a composite number?
False
Is 88453 a prime number?
False
Is 2871633 prime?
False
Is 47933 a composite number?
False
Is 76469 a composite number?
True
Is 73373 composite?
True
Is 1277 composite?
False
Is 2719 a composite number?
False
Is 35501 a composite number?
True
Is 1932871 a prime number?
True
Is 79529 prime?
False
Is 44419 prime?
False
Is 358571 a composite number?
False
Is 194239 prime?
True
Is 472573 prime?
True
Is 73813 a composite number?
True
Is 175681 composite?
True
Is 323 a prime number?
False
Is 1464029 composite?
True
Is 387649 a prime number?
False
Is 54371 composite?
False
Is 1343 a composite number?
True
Is 2406583 a composite number?
False
Is 492467 a composite number?
False
Is 88133 composite?
True
Is 19021 prime?
False
Is 500987 prime?
False
Is 295751 a composite number?
False
Is 662 composite?
True
Is 50603 a composite number?
True
Is 52807 composite?
False
Is 122495 a composite number?
True
Is 263533 a prime number?
True
Is 4493 prime?
True
Is 49157 composite?
False
Is 13487 composite?
False
Is 722002 a prime number?
False
Is 757529 prime?
Fal